rue
Is 62113 prime?
False
Is 469 prime?
False
Is 26587 a composite number?
True
Is 127817 a composite number?
False
Is 1500321 a composite number?
True
Is 22955 prime?
False
Is 1415957 a prime number?
True
Is 82651 a composite number?
False
Is 3907 prime?
True
Is 373967 composite?
True
Is 60751 a composite number?
True
Is 544393 prime?
False
Is 384719 a composite number?
False
Is 179161 a composite number?
False
Is 117239 a composite number?
False
Is 805789 a composite number?
False
Is 68611 prime?
True
Is 8803 a prime number?
True
Is 3215 a composite number?
True
Is 29111 a prime number?
False
Is 487 composite?
False
Is 39745 composite?
True
Is 109997 prime?
False
Is 7411 a prime number?
True
Is 7891 a prime number?
False
Is 92623 composite?
False
Is 1255399 a prime number?
False
Is 289591 composite?
True
Is 737 a composite number?
True
Is 514223 a prime number?
False
Is 59951 composite?
False
Is 12151 a prime number?
False
Is 30787 prime?
False
Is 9677 a prime number?
True
Is 1998529 composite?
True
Is 142061 a composite number?
False
Is 6059 a prime number?
False
Is 170441 composite?
False
Is 565 a prime number?
False
Is 1253215 composite?
True
Is 18741 prime?
False
Is 5345 prime?
False
Is 1851253 a prime number?
True
Is 976249 prime?
False
Is 25342 composite?
True
Is 5615 a prime number?
False
Is 2999 prime?
True
Is 9527 a prime number?
False
Is 71317 a composite number?
False
Is 45538 composite?
True
Is 169283 a composite number?
False
Is 15661 prime?
True
Is 1412087 prime?
True
Is 1966931 prime?
True
Is 17291 composite?
False
Is 38559 prime?
False
Is 23719 a composite number?
False
Is 1927 prime?
False
Is 2179 composite?
False
Is 441421 a prime number?
True
Is 332935 prime?
False
Is 583 composite?
True
Is 5755 a composite number?
True
Is 12763 a composite number?
False
Is 1541 prime?
False
Is 2732594 a composite number?
True
Is 3994 composite?
True
Is 5486885 a prime number?
False
Is 2153 composite?
False
Is 122217 a prime number?
False
Is 44007 a prime number?
False
Is 82549 a composite number?
False
Is 3163 prime?
True
Is 47347 composite?
True
Is 3989 composite?
False
Is 53657 prime?
True
Is 31469 composite?
False
Is 61519 composite?
False
Is 20513 composite?
True
Is 1164903 prime?
False
Is 164617 a composite number?
False
Is 177139 a prime number?
False
Is 515111 prime?
True
Is 1123 a composite number?
False
Is 9949 composite?
False
Is 25879 composite?
True
Is 14759 a composite number?
False
Is 710189 a prime number?
True
Is 224773 a composite number?
True
Is 343779 prime?
False
Is 88393 a prime number?
False
Is 6081 a composite number?
True
Is 87313 composite?
False
Is 45455 a prime number?
False
Is 214105 composite?
True
Is 15539 a composite number?
True
Is 50207 a prime number?
True
Is 42887 prime?
False
Is 106817 prime?
False
Is 6907 prime?
True
Is 2321 a prime number?
False
Is 184601 composite?
True
Is 27343 prime?
False
Is 44831 prime?
False
Is 673 a composite number?
False
Is 15401 composite?
False
Is 467671 composite?
False
Is 728599 a prime number?
False
Is 4271 a composite number?
False
Is 3569 composite?
True
Is 301703 composite?
False
Is 10991 a composite number?
True
Is 9934 a prime number?
False
Is 5501 a composite number?
False
Is 2841 a composite number?
True
Is 20921 a prime number?
True
Is 7187 a composite number?
False
Is 191827 prime?
True
Is 216509 prime?
True
Is 23053 a composite number?
False
Is 2942 a prime number?
False
Is 169861 a composite number?
True
Is 7509 a composite number?
True
Is 15 a prime number?
False
Is 67579 a composite number?
False
Is 4745513 a composite number?
False
Is 341247 a composite number?
True
Is 228497 a prime number?
False
Is 219277 a composite number?
False
Is 2321 a composite number?
True
Is 61769 composite?
True
Is 15889 a composite number?
False
Is 13067 prime?
False
Is 31469 a composite number?
False
Is 28883 prime?
False
Is 234539 composite?
False
Is 65167 prime?
True
Is 5077 a composite number?
False
Is 794149 a prime number?
True
Is 62801 a prime number?
True
Is 178421 prime?
False
Is 36541 a prime number?
True
Is 31277 prime?
True
Is 89458 a prime number?
False
Is 239678 composite?
True
Is 654799 a composite number?
False
Is 5053 composite?
True
Is 2213759 a composite number?
False
Is 60793 composite?
False
Is 65789 a composite number?
False
Is 69991 a prime number?
True
Is 180023 composite?
False
Is 90811 prime?
False
Is 1895 a composite number?
True
Is 290869 composite?
False
Is 90893 a composite number?
True
Is 64309 a composite number?
True
Is 37055 prime?
False
Is 6439 a prime number?
False
Is 5987 prime?
True
Is 47159 a composite number?
True
Is 35981 a composite number?
True
Is 221707 a prime number?
True
Is 24074 prime?
False
Is 121283 prime?
True
Is 610391 composite?
False
Is 1661 a prime number?
False
Is 77381 a prime number?
False
Is 31919 composite?
True
Is 61501 a prime number?
False
Is 9041 composite?
False
Is 151889 a prime number?
False
Is 46199 a prime number?
True
Is 11003 a composite number?
False
Is 10589 a composite number?
False
Is 9403 a prime number?
True
Is 56617 prime?
False
Is 621649 a prime number?
False
Is 360523 composite?
True
Is 19563 a composite number?
True
Is 8609 a prime number?
True
Is 2729 composite?
False
Is 2178191 composite?
False
Is 3109 a composite number?
False
Is 7069 a composite number?
False
Is 19121 a composite number?
False
Is 979 a prime number?
False
Is 249 composite?
True
Is 15659 a composite number?
True
Is 5531 composite?
False
Is 380483 a composite number?
False
Is 2411 prime?
True
Is 500791 prime?
True
Is 2979633 composite?
True
Is 611027 a composite number?
False
Is 5737 composite?
False
Is 442609 prime?
True
Is 313399 composite?
False
Is 192431 a prime number?
True
Is 276418 a composite number?
True
Is 5297 composite?
False
Is 1657 prime?
True
Is 7115 composite?
True
Is 66203 a composite number?
True
Is 14635 a composite number?
True
Is 1465 a composite number?
True
Is 7162 prime?
False
Is 84047 composite?
False
Is 74471 a prime number?
True
Is 151717 a prime number?
True
Is 540677 composite?
False
Is 41091 composite?
True
Is 4751 a composite number?
False
Is 2159 composite?
True
Is 63911 composite?
True
Is 404245 composite?
True
Is 105969 a prime number?
False
Is 58399 a prime number?
False
Is 21223 a prime number?
False
Is 24611 prime?
True
Is 7751 a prime number?
False
Is 78041 a prime number?
True
Is 56483 composite?
True
Is 8501 composite?
False
Is 65177 prime?
False
Is 1267009 prime?
True
Is 1141319 prime?
True
Is 202 a composite number?
True
Is 35897 composite?
False
Is 6947 prime?
True
Is 130309 a prime number?
False
Is 100003 composite?
False
Is 84913 composite?
False
Is 1711 a composite number?
True
Is 26147 prime?
False
Is 26327 prime?
False
Is 196951 prime?
False
Is 1489417 a prime number?
False
Is 2309 a prime number?
True
Is 1311649 prime?
False
Is 274546 a prime number?
False
Is 738277 composite?
True
Is 56683 a prime number?
False
Is 64979 a composite number?
True
Is 44417 a prime number?
True
Is 40249 a prime number?
False
Is 494693 prime?
True
Is 2921 prime?
False
Is 21701 a prime number?
True
Is 12841 a composite number?
False
Is 145889 a composite number?
True
Is 297653 a prime number?
False
Is 1995061 a composite number?
False
Is 24029 a composite number?
False
Is 5953 prime?
True
Is 15117 prime?
False
Is 121469 prime?
True
Is 58937 a composite number?
False
Is 4327 a composite number?
False
Is 125591 a prime number?
True
Is 69899 a prime number?
True
Is 29477 composite?
True
Is 16333 composite?
False
Is 40241 a composite number?
False
Is 13306 a composite number?
True
Is 317479 composite?
True
Is 1157 prime?
False
Is 340717 prime?
False
Is 1775537 a composite number?
False
Is 119407 prime?
False
Is 844255 prime?
False
Is 140333 composite?
False
Is 4853 composite?
True
Is 219445 a composite number?
True
Is 10427 composite?
False
Is 1225273 a prime number?
False
Is 175391 prime?
True
Is 82457 composite?
False
Is 3901 composite?
True
Is 179 composite?
False
Is 298 a prime number?
False
Is 31841 a composite number?
True
Is 224743 a composite number?
False
Is 18617 a composite number?
False
Is 216899 a composite number?
False
Is 12955 prime?
False
Is 111917 composite?
True
Is 50647 prime?
True
I